{"id":9,"date":"2021-08-06T16:19:40","date_gmt":"2021-08-06T16:19:40","guid":{"rendered":"http:\/\/politicas.completo365.com\/?page_id=9"},"modified":"2021-08-06T20:49:19","modified_gmt":"2021-08-06T20:49:19","slug":"create-your-website-with-blocks","status":"publish","type":"page","link":"https:\/\/politicas.completo365.com\/prodecasa\/","title":{"rendered":"Pol\u00edticas de Privacidad."},"content":{"rendered":"\n<p>Su privacidad es muy importante para nosotros. En consecuencia, hemos desarrollado esta pol\u00edtica de privacidad (la \u201cPol\u00edtica\u201d) para que usted comprenda c\u00f3mo recopilamos, almacenamos, usamos, comunicamos, tratamos y divulgamos sus datos personales. Para los efectos de la presente Pol\u00edtica, el t\u00e9rmino \u201cdatos personales\u201d se define como cualquier informaci\u00f3n concerniente a personas naturales, que las identifica o las hace identificables. A continuaci\u00f3n, se describe nuestra Pol\u00edtica de Privacidad.<\/p>\n\n\n\n<p><strong>Recolecci\u00f3n y almacenamiento de datos personales:<\/strong><\/p>\n\n\n\n<ul><li>Antes o en el momento de recopilar datos personales, identificaremos los fines para los que se recopilan.<\/li><li>Recopilaremos y usaremos datos personales \u00fanicamente con el objetivo de cumplir con los fines especificados por nosotros. y para otros fines compatibles l\u00edcitos.<\/li><li>Solo conservaremos los datos personales el tiempo que sea necesario para el cumplimiento de esos fines.<\/li><li>Recopilaremos datos personales por medios legales y justos y, cuando lo exija la ley aplicable, con el consentimiento del titular de los datos personales.<\/li><li>Los datos personales deben ser relevantes para los fines para los que se utilizar\u00e1n y, en la medida necesaria para esos fines, deben ser determinados, expl\u00edcitos, l\u00edcitos, precisos, completos y actualizados.<\/li><li>Protegeremos los datos personales mediante medidas de seguridad razonables contra la p\u00e9rdida o el robo, as\u00ed como el acceso, la divulgaci\u00f3n, la copia, el uso o la modificaci\u00f3n no autorizados.<\/li><li>Pondremos a disposici\u00f3n de los clientes informaci\u00f3n sobre nuestras pol\u00edticas y pr\u00e1cticas relacionadas con la gesti\u00f3n de los datos personales.<\/li><\/ul>\n\n\n\n<p><strong>Obtenemos informaci\u00f3n variada, incluyendo datos personales, con relaci\u00f3n a su compra, uso y\/o interacciones con los servicios prestados por nosotros( los \u201cServicios\u201d). Usamos esta informaci\u00f3n para:<\/strong><\/p>\n\n\n\n<ul><li>Mejorar y optimizar la operaci\u00f3n y el desempe\u00f1o de nuestros Servicios (nuevamente, incluye nuestros sitios web y aplicaciones m\u00f3viles).<\/li><li>Diagnosticar problemas de los riesgos de seguridad y cumplimiento, los errores o las mejoras necesarias para los Servicios, e identificarlos.<\/li><li>Detectar y evitar fraudes y abusos de nuestros Servicios y sistemas.<\/li><li>Obtener estad\u00edsticas globales sobre el uso de los Servicios.<\/li><li>Entender y analizar c\u00f3mo utiliza nuestros Servicios y cu\u00e1les son los productos y servicios m\u00e1s importantes para usted.<\/li><li>Para cumplir con cualesquiera obligaciones legales y reglamentarias como parte de nuestras operaciones comerciales.<\/li><\/ul>\n\n\n\n<p><strong>Comunicaci\u00f3n y divulgaci\u00f3n de sus datos personales a terceros de confianza:<\/strong><\/p>\n\n\n\n<p>Podemos compartir sus datos personales con empresas afiliadas dentro de nuestra familia corporativa, con terceros con los que nos hemos asociado para que usted pueda integrar los servicios de ellos dentro de nuestros propios Servicios y con terceros de confianza y proveedores de servicio en la medida que sea necesario para que presten servicios en nuestro nombre, como:<\/p>\n\n\n\n<ul><li>Procesamiento de pagos con tarjeta de cr\u00e9dito.<\/li><li>Ofrecer publicidad.<\/li><li>Organizaci\u00f3n de concursos o encuestas.<\/li><li>An\u00e1lisis de desempe\u00f1o de nuestros Servicios y datos demogr\u00e1ficos de los clientes.<\/li><li>Comunicaciones con usted por correo electr\u00f3nico o entrega de encuestas.<\/li><li>Administraci\u00f3n de relaciones con el cliente.<\/li><li>Seguridad, gesti\u00f3n y cumplimiento del riesgo.<\/li><li>Contrataci\u00f3n de asistencia t\u00e9cnica y servicios relacionados.<\/li><\/ul>\n\n\n\n<p>Estos terceros (y cualquier subcontratista que se les permita utilizar) han acordado no compartir, utilizar o retener sus datos personales para cualquier otro prop\u00f3sito que no sea el necesario para la prestaci\u00f3n de los Servicios.<\/p>\n\n\n\n<p>Tambi\u00e9n revelaremos su informaci\u00f3n a terceros en los siguientes casos:<\/p>\n\n\n\n<ul><li>en el caso de que vendamos o compremos cualquier negocio o activo (ya sea como resultado de una liquidaci\u00f3n, bancarrota o de otro modo), en cuyo caso revelaremos sus datos al posible vendedor o comprador de dicho negocio o activo;<\/li><li>si vendemos, compramos, fusionamos, somos adquiridos por, o nos asociamos con otras compa\u00f1\u00edas o negocios, o vendemos algunos o todos nuestros activos. En esas transacciones, su informaci\u00f3n puede estar entre los bienes transferidos;<\/li><li>para cumplir con la ley, un procedimiento judicial, u otro proceso legal, cuando sea requerido por orden judicial o autoridad competente;<\/li><li>cuando sea necesario para investigar, prevenir o tomar medidas con respecto a actividades ilegales, sospecha de fraude, situaciones que involucren amenazas potenciales a la seguridad de cualquier persona, violaciones de nuestros t\u00e9rminos de uso o esta Pol\u00edtica; o<\/li><li>para fines de marketing, publicidad, investigaci\u00f3n o similares, para lo cual realizaremos los procedimientos necesarios para anonimizar los datos personales.<\/li><\/ul>\n\n\n\n<p><strong>Comunicaciones con usted:&nbsp;<\/strong><\/p>\n\n\n\n<p>Nos podemos comunicar directamente con usted o a trav\u00e9s de un tercero proveedor de servicios con referencia a los productos o Servicios en los que se registr\u00f3 o nos compr\u00f3, tales como los necesarios para enviar comunicaciones de transacciones o relacionadas con el Servicio. Tambi\u00e9n, si nos autoriza, nos comunicaremos con usted con ofertas para servicios adicionales que creemos que le resultar\u00e1n de inter\u00e9s, o se permitieron teniendo en cuenta los intereses leg\u00edtimos. No es necesario que nos de su autorizaci\u00f3n como condici\u00f3n para comprar nuestros bienes o servicios. Estos contactos pueden incluir:<\/p>\n\n\n\n<ul><li>Correo electr\u00f3nico<\/li><li>Mensajes de texto (SMS)<\/li><li>Llamadas telef\u00f3nicas<\/li><li>Aplicaciones de mensajer\u00eda (p. ej. WhatsApp, entre otras)<\/li><li>Llamadas telef\u00f3nicas o mensajes de texto autom\u00e1ticos<\/li><\/ul>\n\n\n\n<p><strong>Derecho del titular de los datos personales:<\/strong><\/p>\n\n\n\n<p>El titular de los datos personales tiene derechos adicionales respecto a sus datos personales, y nosotros tenemos la obligaci\u00f3n de cumplir con esos derechos. El titular de los datos personales puede, en cualquier momento, ejercer cualesquiera de los derechos, a saber: derecho de acceso, derecho de rectificaci\u00f3n, derecho de cancelaci\u00f3n, derecho de oposici\u00f3n y derecho de portabilidad. &nbsp;<\/p>\n\n\n\n<p>Estamos comprometidos a llevar a cabo nuestro negocio de acuerdo con estos principios y los m\u00e1s altos est\u00e1ndares de seguridad para asegurar que en todo momento se mantenga la confidencialidad y protecci\u00f3n de los datos personales.<\/p>\n\n\n\n<p>Esta Pol\u00edtica est\u00e1 vigente a partir de&nbsp;<em>13 de abril del 2021<\/em>. Podremos cambiar la presente Pol\u00edtica de tiempo en tiempo, para lo cual, la misma ser\u00e1 https:\/\/grupoprodecasa.com\/inicio. En el evento que realicemos cambios que afecten significativamente nuestras pr\u00e1cticas con respecto a los datos personales que hemos recopilado previamente, haremos lo posible por notificarle antes de dicho cambio, y cuando as\u00ed lo requiera la ley aplicable, obtendremos su consentimiento para dichos cambios.<\/p>\n","protected":false},"excerpt":{"rendered":"<p>Su privacidad es muy importante para nosotros. En consecuencia, hemos desarrollado esta pol\u00edtica de privacidad (la \u201cPol\u00edtica\u201d) para que usted comprenda c\u00f3mo recopilamos, almacenamos, usamos, comunicamos, tratamos y divulgamos sus datos personales. Para los efectos de la presente Pol\u00edtica, el t\u00e9rmino \u201cdatos personales\u201d se define como cualquier informaci\u00f3n concerniente a personas naturales, que las identifica&hellip; <a class=\"more-link\" href=\"https:\/\/politicas.completo365.com\/prodecasa\/\">Continue reading <span class=\"screen-reader-text\">Pol\u00edticas de Privacidad.<\/span><\/a><\/p>\n","protected":false},"author":1,"featured_media":0,"parent":0,"menu_order":0,"comment_status":"closed","ping_status":"closed","template":"","meta":[],"_links":{"self":[{"href":"https:\/\/politicas.completo365.com\/prodecasa\/wp-json\/wp\/v2\/pages\/9"}],"collection":[{"href":"https:\/\/politicas.completo365.com\/prodecasa\/wp-json\/wp\/v2\/pages"}],"about":[{"href":"https:\/\/politicas.completo365.com\/prodecasa\/wp-json\/wp\/v2\/types\/page"}],"author":[{"embeddable":true,"href":"https:\/\/politicas.completo365.com\/prodecasa\/wp-json\/wp\/v2\/users\/1"}],"replies":[{"embeddable":true,"href":"https:\/\/politicas.completo365.com\/prodecasa\/wp-json\/wp\/v2\/comments?post=9"}],"version-history":[{"count":6,"href":"https:\/\/politicas.completo365.com\/prodecasa\/wp-json\/wp\/v2\/pages\/9\/revisions"}],"predecessor-version":[{"id":33,"href":"https:\/\/politicas.completo365.com\/prodecasa\/wp-json\/wp\/v2\/pages\/9\/revisions\/33"}],"wp:attachment":[{"href":"https:\/\/politicas.completo365.com\/prodecasa\/wp-json\/wp\/v2\/media?parent=9"}],"curies":[{"name":"wp","href":"https:\/\/api.w.org\/{rel}","templated":true}]}}